-y + 44. Calculate the remainder when ((-77)/11)/((-2)/r) is divided by n(27).
15
Let v = -6902 + 7377. What is the remainder when v is divided by 20?
15
Let b(l) be the third derivative of l**5/60 + l**4/8 - 6*l**3 + 3*l**2. Calculate the remainder when 1066/8 - 3/12 is divided by b(7).
31
Suppose -a = 2*w - 48, -623*a = -620*a - 5*w - 122. Calculate the remainder when 5628 is divided by a.
40
Let j(q) = -12 - 8 + 19*q - 38*q. Let i(u) = -37*u - 39. Let r(v) = -4*i(v) + 7*j(v). What is the remainder when r(7) is divided by 41?
39
Let j be (-441 + -3)/6 - 4. Let r = 326 + -219. Let k = r + j. What is the remainder when k is divided by 3?
2
Suppose -17*o - 13*o - 48*o + 66612 = 0. Calculate the remainder when o is divided by 22.
18
Suppose -3*q + 8*q = 0. Suppose -3*r = -q*r - 144. Suppose -4*l = -r + 36. What is the remainder when 7 is divided by l?
1
Let m(z) = 37*z**3 - z**2 - z + 1. Let i be (-2)/3*6/(-2). Calculate the remainder when m(i) is divided by 14.
11
Let b = -62 + 192. Calculate the remainder when -13*(-3)/78 - b/(-4) is divided by 13.
7
Let s(v) = 3*v. Let r = -2033 + 2105. Calculate the remainder when r is divided by s(5).
12
Let c(v) = 7*v**2 - 36*v - 57. Calculate the remainder when c(9) is divided by 52.
30
What is the remainder when 1423 is divided by 4*536/144 + (-92)/(-18) + -5?
13
Calculate the remainder when ((-2)/(-6) - ((-1)/(-1))/1)*-753 is divided by 145.
67
Let i(l) = -3*l - 11. Let u be i(-5). Let d(b) = b + 6. Let f = 684 + -679. What is the remainder when d(u) is divided by f?
0
Suppose 0 = 301*v - 303*v + 24. Let u(h) = -h**3 - 3*h**2 - h + 3. Let p be u(-4). Let j = p - v. What is the remainder when 19 is divided by j?
8
Suppose -4*f - 2*o + 386 = 0, 2*f - 15*o + 17*o = 198. Calculate the remainder when 1219 is divided by f.
91
Let b(i) = -i**2 - 2*i - 3 + 5 - 3. Let q be b(-3). Let r(u) = 2*u**2 + 5*u - 2. What is the remainder when 17 is divided by r(q)?
7
Suppose -2*h + 4*w = -28, -5*h + 4*w = -h - 36. Calculate the remainder when 123 - (3 + h - 6) is divided by 33.
23
Suppose 3*r = -9*m + 213, -2*r + 19 - 9 = 0. What is the remainder when 0 + 1 - 38/(-1) is divided by m?
17
Let h be (-1)/2 - 54/4. Let q = 1203 - 1183. Let i = q + h. What is the remainder when 46 is divided by i?
4
Calculate the remainder when 8/36 - 56296/(-279) is divided by 21.
13
Suppose -1510 = -3*r - 4*c, 6*r - r + 4*c - 2506 = 0. Suppose -k + r = 5*k. Let y(q) = -q + 8. Calculate the remainder when k is divided by y(-6).
13
Calculate the remainder when 396 is divided by (-4 - 115/(-20))*28.
4
Let b(n) = 8*n + 5*n**2 - 9*n - 3*n**2 + 2*n**2. What is the remainder when 1*(3 - (-30)/(20/4)) is divided by b(-1)?
4
Suppose 3*o = 4*w - 173, w = 5*w + o - 161. Suppose 2*v = -u + 81, 1002 = 4*u - 4*v + 630. What is the remainder when u is divided by w?
7
Let y = -817 - -870. Calculate the remainder when y is divided by 12/20 + (-261)/(-15).
17
Suppose 0 = -8*d + 106 + 166. Suppose -37*f = -d*f - 60. What is the remainder when f is divided by (-66)/4*4/(-6)?
9
Let c(g) = 18*g**2 - g - 1. Let w be c(-1). Let v be 891/w + 1/2. Let f = v + -18. What is the remainder when f is divided by 9?
5
Let q(v) be the first derivative of -v**3/3 + 4*v**2 - 15*v - 29. Let r be q(6). Let x(h) = -17*h + 3. Calculate the remainder when x(r) is divided by 21.
12
Let h = 391 - 234. What is the remainder when 778 is divided by h?
150
Let f = 200236 - 200154. Suppose 0 = 2*k + 2*o - 0*o - 322, -o = 0. Calculate the remainder when k is divided by f.
79
What is the remainder when (0 + 5)*7020/50 is divided by 351?
0
Suppose -109*q = -160096 - 161781. What is the remainder when q is divided by 19?
8
Suppose -1026 = -4*o - 282. Let c = o - -289. Calculate the remainder when c is divided by 96.
91
Let l(k) = -17*k - 4. Suppose 127 = 4*s + 5*f, -22*s + 4*f + 202 = -12*s. Calculate the remainder when l(-4) is divided by s.
18
Suppose 0 = -10*f - 0*f - 0*f + 430. What is the remainder when 286 is divided by f?
28
Let o(v) = -v**2 - 66*v - 769. What is the remainder when 248 is divided by o(-23)?
28
Suppose 35*l = 36*l - 2. What is the remainder when 94 is divided by ((-74)/(-111))/(l/72)?
22
Let f be 4 - (-4)/8*-10. What is the remainder when 14*f*-3*60/21 is divided by (2/(-1))/((-2)/25)?
20
Suppose -12464 = -6*l + 44*l. Let t = 337 + l. What is the remainder when (48/15)/(2/10) is divided by t?
7
Let a = -273 + 378. Suppose 3*p + 75 = -3*n, -p - 45 = -3*n - n. Let b = p + 56. Calculate the remainder when a is divided by b.
24
Suppose 8*h = -h + 837. Let q be 1 - 5/((-15)/(-9)). Let n = h - q. What is the remainder when n is divided by 27?
14
Let k be (2/(-7) + 318/(-63))*30. Let h = 190 + k. Calculate the remainder when 146 is divided by h.
26
Suppose 9*f - 7*f = 5*o - 242, -12 = -3*f. What is the remainder when 281 is divided by o?
31
Let d(o) = -o**2 - 41*o - 114. Let z be d(-18). Let j = z - 268. Calculate the remainder when 83 is divided by j.
19
What is the remainder when ((-4910113)/(-7410) - (-2)/(-15))*(1 - -1) is divided by 86?
35
Suppose -5*s + 4*g = 23, s - 2*g = -0*g - 7. Let i(q) = -3*q**3 + q**2 - 3*q - 4. Let x be i(s). Let o = 135 - x. What is the remainder when o is divided by 26?
14
Let s(z) = z**3 + 14*z**2 - 117*z - 53. Calculate the remainder when s(-19) is divided by 41.
37
Let p be 1*3 - (-8)/(-28)*-7. Suppose -p*c = -z - 0 - 2, -4*z = -c - 11. What is the remainder when z is divided by 2?
1
Let u(f) = -82*f**3 + 2*f**2 + f. Let y be u(-1). Suppose 115*t = 100*t + 1440. Let i = t - y. Calculate the remainder when 35 is divided by i.
9
Let j(m) = m**2 - 15*m. Suppose 5*v - 77 = i, -2*i + 5*i = 2*v - 36. Let k be j(v). Suppose k = -0*o + 11*o - 44. What is the remainder when o is divided by 1?
0
Suppose 72*l = 981 + 459. Suppose -t - 3 + 6 = 0. Suppose 2 = 2*v - 5*o - l, -t*o = 0. What is the remainder when 43 is divided by v?
10
Calculate the remainder when (19 - 399/19) + 963 is divided by 474.
13
Let u(i) = -i**3 + 9*i**2 + 2*i + 35. Calculate the remainder when 1413 is divided by u(0).
13
Suppose -4*p + 41 = 5*h, 2*h = 5*p - 29 - 14. Let b(q) = -7 - 5*q + p*q + 3*q. What is the remainder when 51 is divided by b(3)?
9
Let j be -2 + ((-2)/(-4)*22 - 4). Let y be (-2)/4 + 830/4. Suppose j*n - 63 = y. What is the remainder when n is divided by 11?
10
Let j = -25 + 50. Let z = -316 - -321. Suppose 0*v + 5*p + 345 = z*v, 3*p - 9 = 0. Calculate the remainder when v is divided by j.
22
Suppose 3*i + 263 = 130 + 169. What is the remainder when 13880 is divided by i?
8
Let f be -7*(1 + -3 + 96/21). Let y = f + 64. Let d = -12 + 24. Calculate the remainder when y is divided by d.
10
Suppose -b - 35 = -3*f + 165, 4*b + 317 = 5*f. What is the remainder when 1020 is divided by f?
54
Let t = 36 - -60. Suppose 2*v - t = -4*s, -2*v + v = 3*s - 74. Calculate the remainder when 337 is divided by s.
25
Calculate the remainder when -9 - 1 - -3 - (-2 - 9346) is divided by 18.
17
Suppose 6*f - 3654 = -36*f. What is the remainder when 11828 is divided by f?
83
Suppose -8*r - 175 = -43*r. Suppose r*a - 225 = -2*p, -p = a - 37 - 5. Calculate the remainder when a is divided by 21.
5
Let g = -50 - -54. Suppose 5*a + 18 = d + 2*a, -g*d - 4*a + 104 = 0. Calculate the remainder when 45 is divided by d.
21
Suppose 19 = -29*c + 30*c - 4*l, 2*l - 7 = -c. Let z = -31 + 55. What is the remainder when z is divided by c?
2
Suppose -14*c - 1 = -15. What is the remainder when 128 is divided by (-123)/(-9) - ((-10)/(-6) - c)?
11
Suppose 47*k = 41*k + 120. What is the remainder when k is divided by (-2)/(-5 + (-78)/(-16))?
4
Let h be (4 - (-22)/(-4))/((-9)/24). Suppose -h*i + 172 = -2*u + 6*u, -86 = -2*i + 5*u. What is the remainder when 163 is divided by i?
34
Let d be -27*(-2)/2 + -1. Suppose 3*i - 5*i = -d. Suppose -45*u - 20 = -53*u + 20. What is the remainder when i is divided by u?
3
Suppose 5*x - y = 105, 3*y = 24 - 24. What is the remainder when 4544 is divided by x?
8
Let j = -36 - -85. Let n be -1 - (-4)/(-2)*-5. Let r(p) = p + 4. What is the remainder when j is divided by r(n)?
10
Let d be (4 + 270/(-25))/(1/(-10)). Suppose -2*k + 157 = -k. Suppose k*q - 155*q = d. Calculate the remainder when q is divided by 18.
16
Let w be ((-25)/(-10))/(4/40). Suppose -2*p = -m - 71 + 8